f 140?
False
Is 410 a multiple of 41?
True
Is 16 a factor of 1010?
False
Is 12 a factor of 8034?
False
Does 29 divide 493?
True
Is 903 a multiple of 19?
False
Does 10 divide 584?
False
Is 14 a factor of 84?
True
Is 682 a multiple of 8?
False
Does 177 divide 10620?
True
Does 13 divide 756?
False
Does 58 divide 3173?
False
Is 26 a factor of 598?
True
Is 14 a factor of 841?
False
Does 4 divide 3754?
False
Does 19 divide 1539?
True
Is 608 a multiple of 38?
True
Is 4305 a multiple of 121?
False
Is 23 a factor of 4315?
False
Is 3 a factor of 6889?
False
Is 1546 a multiple of 49?
False
Is 186 a factor of 83243?
False
Is 13 a factor of 390?
True
Is 44 a factor of 2640?
True
Is 800 a multiple of 5?
True
Is 142 a factor of 10934?
True
Does 11 divide 16456?
True
Does 5 divide 8205?
True
Is 28244 a multiple of 28?
False
Is 2 a factor of 35?
False
Is 238 a multiple of 3?
False
Is 22 a factor of 1209?
False
Is 2 a factor of 65?
False
Is 54 a factor of 1188?
True
Is 266 a multiple of 14?
True
Is 13 a factor of 26?
True
Does 15 divide 210?
True
Is 29803 a multiple of 90?
False
Is 2554 a multiple of 33?
False
Does 98 divide 123382?
True
Is 1264 a multiple of 16?
True
Does 23 divide 1836?
False
Does 4 divide 2428?
True
Does 16 divide 34992?
True
Is 785 a multiple of 10?
False
Is 84 a factor of 2013?
False
Is 42800 a multiple of 80?
True
Does 20 divide 31061?
False
Is 814 a multiple of 24?
False
Is 19 a factor of 2019?
False
Is 16 a factor of 1040?
True
Does 3 divide 685?
False
Is 5668 a multiple of 13?
True
Is 3 a factor of 384?
True
Is 23 a factor of 4347?
True
Is 59 a factor of 5133?
True
Is 968 a multiple of 121?
True
Does 14 divide 16406?
False
Is 16716 a multiple of 21?
True
Does 88 divide 880?
True
Is 5 a factor of 1500?
True
Is 11 a factor of 1293?
False
Is 22533 a multiple of 21?
True
Is 13736 a multiple of 34?
True
Does 2 divide 13?
False
Does 10 divide 571?
False
Is 398 a multiple of 7?
False
Is 10065 a multiple of 11?
True
Does 17 divide 2242?
False
Is 23568 a multiple of 16?
True
Does 52 divide 86626?
False
Is 24 a factor of 10080?
True
Does 57 divide 2500?
False
Is 2376 a multiple of 11?
True
Is 24397 a multiple of 14?
False
Does 30 divide 15364?
False
Is 3982 a multiple of 26?
False
Does 10 divide 82503?
False
Is 14 a factor of 3628?
False
Does 6 divide 5436?
True
Is 100529 a multiple of 143?
True
Is 1680 a multiple of 48?
True
Is 121 a factor of 44989?
False
Does 7 divide 2795?
False
Is 31 a factor of 695?
False
Is 25 a factor of 1137?
False
Is 455 a multiple of 35?
True
Is 85 a factor of 1870?
True
Is 20 a multiple of 4?
True
Does 11 divide 621?
False
Does 2 divide 28620?
True
Is 86 a factor of 15050?
True
Is 886 a multiple of 15?
False
Is 8723 a multiple of 11?
True
Does 77 divide 1386?
True
Does 7 divide 284?
False
Does 87 divide 273?
False
Is 4320 a multiple of 136?
False
Is 1702 a multiple of 37?
True
Does 68 divide 3468?
True
Is 46 a factor of 322?
True
Does 60 divide 1800?
True
Does 167 divide 13360?
True
Does 10 divide 310?
True
Is 12 a factor of 2130?
False
Is 9 a factor of 5715?
True
Is 4320 a multiple of 18?
True
Does 10 divide 35789?
False
Is 408 a multiple of 11?
False
Is 46 a factor of 72588?
True
Is 690 a multiple of 54?
False
Is 31 a factor of 776?
False
Is 62683 a multiple of 359?
False
Is 457 a multiple of 7?
False
Is 20 a factor of 759?
False
Is 2907 a multiple of 19?
True
Does 47 divide 11193?
False
Is 4681 a multiple of 23?
False
Does 30 divide 1080?
True
Does 47 divide 3154?
False
Is 67 a factor of 17688?
True
Does 16 divide 88992?
True
Does 39 divide 18708?
False
Is 6 a factor of 646?
False
Is 14 a factor of 504?
True
Is 34 a factor of 8117?
False
Does 11 divide 565?
False
Does 37 divide 25119?
False
Is 10 a factor of 3430?
True
Does 96 divide 30240?
True
Is 62 a multiple of 9?
False
Is 101 a factor of 2574?
False
Is 15 a factor of 1200?
True
Does 17 divide 578?
True
Does 19 divide 1235?
True
Is 35 a factor of 2818?
False
Is 15 a factor of 229?
False
Is 35 a factor of 1608?
False
Is 37762 a multiple of 44?
False
Does 33 divide 561?
True
Does 50 divide 19825?
False
Does 66 divide 403?
False
Does 106 divide 10918?
True
Is 1200 a multiple of 30?
True
Does 73 divide 4161?
True
Is 770 a multiple of 22?
True
Is 590 a multiple of 19?
False
Is 5018 a multiple of 13?
True
Is 13 a factor of 5148?
True
Does 52 divide 15646?
False
Does 7 divide 329?
True
Is 16 a factor of 365?
False
Is 599 a multiple of 17?
False
Is 84666 a multiple of 137?
True
Is 1114 a multiple of 4?
False
Is 12 a factor of 2276?
False
Is 10 a factor of 651?
False
Is 12 a factor of 6792?
True
Is 125489 a multiple of 49?
True
Is 2769 a multiple of 74?
False
Is 2157 a multiple of 18?
False
Is 85183 a multiple of 300?
False
Is 602 a multiple of 8?
False
Is 46 a factor of 230?
True
Is 3 a factor of 450?
True
Does 139 divide 10008?
True
Is 25657 a multiple of 174?
False
Does 11 divide 37780?
False
Does 23 divide 2668?
True
Does 97 divide 19122?
False
Does 159 divide 6663?
False
Is 579 a multiple of 6?
False
Is 21 a factor of 16199?
False
Does 23 divide 3581?
False
Is 104 a factor of 9130?
False
Is 8 a factor of 216?
True
Does 279 divide 78399?
True
Does 14 divide 10024?
True
Is 268 a multiple of 17?
False
Is 43208 a multiple of 43?
False
Does 20 divide 38614?
False
Is 20159 a multiple of 28?
False
Is 5260 a multiple of 205?
False
Does 36 divide 439?
False
Is 336 a multiple of 42?
True
Is 122 a factor of 1924?
False
Does 160 divide 30720?
True
Does 157 divide 7344?
False
Does 131 divide 12969?
True
Is 6 a factor of 15?
False
Is 432 a multiple of 8?
True
Does 18 divide 720?
True
Is 23616 a multiple of 6?
True
Does 32 divide 352?
True
Is 756 a multiple of 63?
True
Does 71 divide 284?
True
Does 10 divide 17696?
False
Is 28410 a multiple of 30?
True
Is 1098 a multiple of 4?
False
Is 98 a factor of 2548?
True
Is 764 a multiple of 8?
False
Is 944 a multiple of 32?
False
Is 3299 even?
False
Is 21244 a multiple of 81?
False
Is 53 a factor of 1381?
False
Does 57 divide 1144?
False
Is 5668 a multiple of 109?
True
Is 30 a factor of 5719?
False
Is 42804 a multiple of 116?
True
Is 17 a factor of 6806?
False
Is 30 a factor of 7950?
True
Is 2 a factor of 1729?
False
Is 5643 a multiple of 11?
True
Is 3 a factor of 181?
False
Does 31 divide 43058?
False
Does 17 divide 2175?
False
Is 58 a factor of 4466?
True
Does 48 divide 1240?
False
Does 137 divide 11503?
False
Is 655 a multiple of 22?
False
Does 12 divide 11880?
True
Does 14 divide 4125?
False
Is 774 a multiple of 13?
False
Does 248 divide 34210?
False
Does 16 divide 3251?
False
Is 13 a factor of 9854?
True
Does 50 divide 600?
True
Is 1539 a multiple of 3?
True
Is 146 a factor of 43086?
False
Does 68 divide 43762?
False
Is 35 a factor of 3850?
True
Does 9 divide 6864?
False
Does 21 divide 2767?
False
Is 246 a factor of 984?
True
Does 10 divide 9960?
True
Is 150 a multiple of 8?
False
Is 256 a multiple of 10?
False
Is 6684 a multiple of 6?
True
Is 26 a factor of 1014?
True
Is 17 a factor of 585?
False
Is 4446 a multiple of 57?
True
Is 514 a multiple of 13?
False
Is 924 a multiple of 62?
False
Is 13 a factor of 518?
False
Is 58 a factor of 5885?
False
Is 910 a multiple of 81?
False
Does 7 divide 102?
False
Is 34728 a multiple of 17?
False
Is 145 a factor of 7510?
False
Does 49 divide 3185?
True
Does 14 divide 28707?
False
Does 17 divide 8381?
True
Is 318 a multiple of 6?
True
Is 7485 a multiple of 15?
True
Does 14 divide 3143?
False
Does 29 divide 783?
True
Is 31 a factor of 75671?
True
Is 3 a factor of 30351?
True
Is 197 a factor of 2561?
True
Is 825 a multiple of 2?
False
Is 10 a factor of 8818?
False
Is 9506 a multiple of 97?
True
Does 6 divide 307?
False
Does 14 divide 1386?
True
Is 341 a multiple of 4?
False
Does 8 divide 12360?
True
Does 18 divide 456?
False
Is 29 a factor of 48920?
False
Is 11 a factor of 18381?
True
Is 85 a factor of 13055?
False
Does 23 divide 2852?
True
Is 67606 a multiple of 154?
True
Does 133 divide 6898?
False
Is 1980 a multiple of 22?
True
Is 167 a factor of 7348?
True
Does 57 divide 20604?
False
Does 11 divide 42823?
True
Does 5 divide 15?
True
Does 69 divide 36494?
False
Does 28 divide 11750?
False
Is 20 even?
True
Is 10080 a multiple of 120?
True
Does 17 divide 527?
True
Does 17 divide 808?
False
Is